s 0 - -35?
35
In base 13, what is 81 - -22?
a3
In base 3, what is -12 - 112?
-201
In base 12, what is 50 + 0?
50
In base 2, what is 110 - -10001110?
10010100
In base 5, what is 1224 + 1?
1230
In base 9, what is -25211 - -5?
-25205
In base 2, what is 101 + -100101101?
-100101000
In base 16, what is -2 + -3c?
-3e
In base 14, what is -5 - 29?
-30
In base 13, what is 6 + -1623?
-161a
In base 15, what is -3 + -b7e?
-b82
In base 6, what is 1 + -44550?
-44545
In base 10, what is 145 - 6?
139
In base 16, what is -88f - -5?
-88a
In base 14, what is a + 5d1?
5db
In base 12, what is 0 + 23a?
23a
In base 3, what is -111012 + 12?
-111000
In base 15, what is 5 - 1c9?
-1c4
In base 7, what is -1 - -120?
116
In base 11, what is 664 - 1?
663
In base 6, what is -13 - 32?
-45
In base 13, what is 66 - 3?
63
In base 3, what is 10 + 21210010?
21210020
In base 7, what is 2233 + -1?
2232
In base 7, what is 232 - 2?
230
In base 15, what is -1 + 122?
121
In base 7, what is -12 - 12?
-24
In base 12, what is 20 + 2?
22
In base 10, what is -599 - -15?
-584
In base 7, what is -3 - 45?
-51
In base 6, what is 5 - -40214?
40223
In base 3, what is 102 + -2212?
-2110
In base 3, what is 12 - 10?
2
In base 4, what is -11 - -1303330?
1303313
In base 6, what is 34410 + -1?
34405
In base 12, what is -3 + -44?
-47
In base 12, what is -25 - 4?
-29
In base 4, what is -33 - -1023?
330
In base 12, what is 2 + 136?
138
In base 11, what is 12 + 16?
28
In base 15, what is d6 - -4?
da
In base 4, what is -33 - -2?
-31
In base 11, what is 14a - 0?
14a
In base 11, what is 0 + -587?
-587
In base 2, what is -1011 - 111111010?
-1000000101
In base 15, what is 1 + 2b7?
2b8
In base 12, what is 455 + -4?
451
In base 15, what is -c - -3?
-9
In base 16, what is 27 - a?
1d
In base 3, what is 0 - -1022201?
1022201
In base 4, what is -30310 - -11?
-30233
In base 8, what is 7 - 367?
-360
In base 2, what is -10 + 10010?
10000
In base 9, what is -2 + 1377?
1375
In base 3, what is 1101 + -2210?
-1102
In base 5, what is 1333 + -3?
1330
In base 11, what is 108 - -9?
116
In base 15, what is 6 + -9?
-3
In base 6, what is 1240 + 4?
1244
In base 14, what is -5 - 38?
-3d
In base 13, what is 2 + 43?
45
In base 11, what is -79 + 14?
-65
In base 8, what is -1 - -13?
12
In base 10, what is 5 + -275?
-270
In base 14, what is 26 - -2?
28
In base 15, what is 116 + 2?
118
In base 6, what is 3 - 232?
-225
In base 2, what is 100 - -1001111?
1010011
In base 7, what is 620 + -5?
612
In base 3, what is 2 - -1000?
1002
In base 10, what is -198 + -3?
-201
In base 9, what is 38 - -515?
554
In base 13, what is -5 + 0?
-5
In base 12, what is 7b - -15?
94
In base 3, what is -12210 + -212?
-20122
In base 7, what is 0 + 142?
142
In base 2, what is 100101011 - -100?
100101111
In base 10, what is 1 + -289?
-288
In base 14, what is -243 - 9?
-24c
In base 16, what is -6 - -a7?
a1
In base 4, what is 2 - -102?
110
In base 4, what is 3 + 2333?
3002
In base 15, what is 3 + 4e9?
4ec
In base 13, what is 3 + 1b?
21
In base 6, what is 231 + -2?
225
In base 5, what is 0 + -33212?
-33212
In base 11, what is -21 + -11?
-32
In base 16, what is -209 - -1?
-208
In base 14, what is -31c + -5?
-323
In base 2, what is 11 + -11?
0
In base 12, what is 2074 - 5?
206b
In base 2, what is -10 + -10?
-100
In base 12, what is 249 + 3?
250
In base 9, what is -21 + -3?
-24
In base 14, what is -7 - -8?
1
In base 3, what is 10 + 1102?
1112
In base 14, what is -4 - 197?
-19b
In base 11, what is -41a7 - -4?
-41a3
In base 16, what is 1 - -3c?
3d
In base 7, what is -21 - -16?
-2
In base 14, what is -42 + -dd?
-141
In base 15, what is 3 - 121?
-11d
In base 16, what is -164 + 2?
-162
In base 14, what is 88 - -1a?
a4
In base 16, what is 1a + 1?
1b
In base 8, what is -267 + 16?
-251
In base 3, what is 110021021 + 10?
110021101
In base 3, what is 110 + -1010?
-200
In base 9, what is 5 - 20?
-14
In base 3, what is 11 + -10122212?
-10122201
In base 13, what is -30 - 4?
-34
In base 3, what is 12 + 2002?
2021
In base 9, what is 1 + -8?
-7
In base 2, what is 10101 - -111001100?
111100001
In base 16, what is 69 - -5c?
c5
In base 10, what is -57 + 49?
-8
In base 15, what is -10 + c?
-3
In base 13, what is 5 + 13?
18
In base 2, what is 111001 - -110001?
1101010
In base 2, what is -100010011 + -111111?
-101010010
In base 7, what is -20 + -20?
-40
In base 4, what is -103013 - -10?
-103003
In base 2, what is -101 - -101000010?
100111101
In base 12, what is -8 + 0?
-8
In base 8, what is 2 + 111?
113
In base 4, what is -2 + 300?
232
In base 3, what is 21 - 222212?
-222121
In base 9, what is 14 + 12?
26
In base 8, what is -626 + 4?
-622
In base 5, what is 13104 - 4?
13100
In base 7, what is 0 - 24?
-24
In base 3, what is 20 - 1?
12
In base 12, what is 64 + 5?
69
In base 7, what is -11 - -411?
400
In base 4, what is 101202 + 11?
101213
In base 13, what is -4 + 66?
62
In base 2, what is 101001 + -111?
100010
In base 11, what is 6 + -299?
-293
In base 5, what is 402 + 11?
413
In base 8, what is 2 + -361?
-357
In base 3, what is 12012 + -10010?
2002
In base 2, what is 0 - 1101100010?
-1101100010
In base 10, what is -1 - -6?
5
In base 16, what is 20 + -5?
1b
In base 16, what is -4 + -39d?
-3a1
In base 4, what is 2023 + 2?
2031
In base 13, what is -2544 - 3?
-2547
In base 11, what is -32a1 + 3?
-3299
In base 12, what is 33 - 156?
-123
In base 5, what is 1 + -240?
-234
In base 2, what is -1110010010010 - 0?
-1110010010010
In base 4, what is -10212 + -13?
-10231
In base 4, what is 10 + -1300211?
-1300201
In base 4, what is -302 + -1?
-303
In base 7, what is 1 - 11232?
-11231
In base 15, what is 5 - -145?
14a
In base 8, what is 23 - 20?
3
In base 6, what is 12 - -314?
330
In base 14, what is 4 + -ba?
-b6
In base 15, what is -1b + 2?
-19
In base 2, what is -110 - 1111011?
-10000001
In base 5, what is 1 + 1111?
1112
In base 13, what is 1 + 19?
1a
In base 11, what is -21 + -6?
-27
In base 16, what is -9 + 14?
b
In base 10, what is 6706 + 5?
6711
In base 4, what is -10 - 1113?
-1123
In base 14, what is -4 - 57?
-5b
In base 10, what is 4 + -4?
0
In base 3, what is 10 - 2000?
-1220
In base 4, what is -22121331 + -3?
-22122000
In base 10, what is 1553 + 2?
1555
In base 5, what is 21 - -3232?
3303
In base 8, what is 5 + -140?
-133
In base 3, what is 2 - 200112?
-200110
In base 15, what is 11 - -6?
17
In base 14, what is 49 + -45?
4
In base 16, what is 92 + 82?
114
In base 11, what is 4 + -1a?
-16
In base 15, what is b1 + -1?
b0
In base 5, what is -13 - -1022?
1004
In base 2, what is 10000 + -1100001?
-1010001
In base 3, what is 12 - 1212111?
-1212022
In base 13, what is 0 + -46?
-46
In base 8, what is 27276 - 0?
27276
In base 9, what is -5 - 227?
-233
In base 2, what is -11 + -10010?
-10101
In base 16, what is 18 + 46?
5e
In base 16, what is 135 - 3?
132
In base 11, what is -5 - 1a9?
-203
In base 7, what is 514 - -30?
544
In base 2, what is 0 + 11011?
11011
In base 3, what is -10 - -11020?
11010
In base 11, what is 4 + -680?
-677
In base 6, what is 2 + 125?
131
In base 12, what is 16aa + 4?
16b2
In base 12, what is 6 + a?
14
In base 11, what is -415 - 3?
-418
In base 3, what is 101022 - -22?
101121
In base 8, what is 10 + 215?
225
In base 2, what is -1000000 - -100?
-111100
In base 12, what is -6 - -500?
4b6
In base 3, what is 1010222 - 12?
1010210
In base 7, what is 0 - 0?
0
In base 10, what is -14 + -168?
-182
In base 13, what is 1c + 3?
22
In base 9, what is -46 + 257?
211
In base 10, what is 2 - -5133?
5135
In base 5, what is 221 + -20?
201
In base 11, what is -1 + -110?
-111
In base 7, what is 131 - -6?
140
In base 4, what is 22 + -2011?
-1323
In base 16, what is 1f + -18?
7
In base 7, what is -1240 + -4?
-1244
In base 7, what is 52 - 1?
51
In base 7, what is 140 - 3?
134
In base 6, what is 5 - 3221?
-3212
In base 7, what is 6136 + 5?
6144
In base 8, what is -1 + -53?
-54
In base 4, what is 322 - -11?
333
In base 11, what is a - -55?
64
In base 4, what is -10130 + 13?
-10111
In base 6, what is -1340 - 4?
-1344
In base 13, what is 1 + 432?
433
In base 16, what is -67 + -76?
-dd
In base 15, what is 5 + d3?
d8
In base 9, what is 120 - 18?
101
In base 15, what is -661 - -4?
-65c
In base 4, what is 10 - 322?
-312
In base 3, what is 20022 + -1?
20021
In base 5, what is 1 - -10?
11
In base 6, what is -5414 